--
-- Host: 127.0.0.1    Database: cgk_stock
-- ------------------------------------------------------

set autocommit=0;
commit;
set autocommit=0;
commit;

--
-- Table structure for table `failed_jobs`
--

CREATE TABLE `failed_jobs` (
  `id` bigint(20) unsigned NOT NULL AUTO_INCREMENT,
  `uuid` varchar(255) NOT NULL,
  `connection` text NOT NULL,
  `queue` text NOT NULL,
  `payload` longtext NOT NULL,
  `exception` longtext NOT NULL,
  `failed_at` timestamp NOT NULL DEFAULT current_timestamp(),
  PRIMARY KEY (`id`),
  UNIQUE KEY `failed_jobs_uuid_unique` (`uuid`)
) ENGINE=InnoDB DEFAULT CHARSET=utf8mb4 COLLATE=utf8mb4_unicode_ci;

--
-- Dumping data for table `failed_jobs`
--

set autocommit=0;
commit;

--
-- Table structure for table `items`
--

CREATE TABLE `items` (
  `id` bigint(20) unsigned NOT NULL AUTO_INCREMENT,
  `ttb_id` bigint(20) unsigned NOT NULL,
  `barcode` char(8) NOT NULL,
  `unit` varchar(10) NOT NULL,
  `brutto_in` decimal(10,2) DEFAULT NULL,
  `tarra` decimal(10,2) DEFAULT NULL,
  `brutto_out` decimal(10,2) DEFAULT NULL,
  `exit_date` timestamp NULL DEFAULT NULL,
  `status` enum('BELUM DITIMBANG','TERSEDIA','TERPAKAI') NOT NULL DEFAULT 'BELUM DITIMBANG',
  `notes` text DEFAULT NULL,
  `created_by` bigint(20) unsigned DEFAULT NULL,
  `updated_by` bigint(20) unsigned DEFAULT NULL,
  `created_at` timestamp NULL DEFAULT NULL,
  `updated_at` timestamp NULL DEFAULT NULL,
  PRIMARY KEY (`id`),
  UNIQUE KEY `items_barcode_unique` (`barcode`),
  KEY `items_created_by_foreign` (`created_by`),
  KEY `items_updated_by_foreign` (`updated_by`),
  KEY `items_status_index` (`status`),
  KEY `items_ttb_id_foreign` (`ttb_id`),
  CONSTRAINT `items_created_by_foreign` FOREIGN KEY (`created_by`) REFERENCES `users` (`id`),
  CONSTRAINT `items_ttb_id_foreign` FOREIGN KEY (`ttb_id`) REFERENCES `ttbs` (`id`) ON DELETE CASCADE,
  CONSTRAINT `items_updated_by_foreign` FOREIGN KEY (`updated_by`) REFERENCES `users` (`id`)
) ENGINE=InnoDB AUTO_INCREMENT=432 DEFAULT CHARSET=utf8mb4 COLLATE=utf8mb4_unicode_ci;

--
-- Dumping data for table `items`
--

set autocommit=0;
INSERT INTO `items` VALUES
(1,1,'04125001','KGS',46.66,0.20,NULL,NULL,'TERSEDIA',NULL,1,2,'2026-01-13 21:13:01','2026-01-13 21:26:48'),
(2,1,'04125002','KGS',47.46,0.20,NULL,NULL,'TERSEDIA',NULL,1,2,'2026-01-13 21:13:01','2026-01-13 21:27:12'),
(3,1,'04125003','KGS',45.88,0.20,NULL,NULL,'TERSEDIA',NULL,1,2,'2026-01-13 21:13:01','2026-01-13 21:27:31'),
(4,1,'04125004','KGS',49.80,0.20,NULL,NULL,'TERSEDIA',NULL,1,2,'2026-01-13 21:13:01','2026-01-13 21:27:51'),
(5,1,'04125005','KGS',51.52,0.20,NULL,NULL,'TERSEDIA',NULL,1,2,'2026-01-13 21:13:01','2026-01-13 21:28:11'),
(6,1,'04125006','KGS',NULL,NULL,NULL,NULL,'BELUM DITIMBANG',NULL,1,NULL,'2026-01-13 21:13:01','2026-01-13 21:13:01'),
(7,1,'04125007','KGS',NULL,NULL,NULL,NULL,'BELUM DITIMBANG',NULL,1,NULL,'2026-01-13 21:13:01','2026-01-13 21:13:01'),
(8,1,'04125008','KGS',NULL,NULL,NULL,NULL,'BELUM DITIMBANG',NULL,1,NULL,'2026-01-13 21:13:01','2026-01-13 21:13:01'),
(9,1,'04125009','KGS',NULL,NULL,NULL,NULL,'BELUM DITIMBANG',NULL,1,NULL,'2026-01-13 21:13:01','2026-01-13 21:13:01'),
(10,1,'04125010','KGS',NULL,NULL,NULL,NULL,'BELUM DITIMBANG',NULL,1,NULL,'2026-01-13 21:13:01','2026-01-13 21:13:01'),
(11,1,'04125011','KGS',NULL,NULL,NULL,NULL,'BELUM DITIMBANG',NULL,1,NULL,'2026-01-13 21:13:01','2026-01-13 21:13:01'),
(12,1,'04125012','KGS',NULL,NULL,NULL,NULL,'BELUM DITIMBANG',NULL,1,NULL,'2026-01-13 21:13:01','2026-01-13 21:13:01'),
(13,1,'04125013','KGS',NULL,NULL,NULL,NULL,'BELUM DITIMBANG',NULL,1,NULL,'2026-01-13 21:13:01','2026-01-13 21:13:01'),
(14,1,'04125014','KGS',NULL,NULL,NULL,NULL,'BELUM DITIMBANG',NULL,1,NULL,'2026-01-13 21:13:01','2026-01-13 21:13:01'),
(15,1,'04125015','KGS',NULL,NULL,NULL,NULL,'BELUM DITIMBANG',NULL,1,NULL,'2026-01-13 21:13:01','2026-01-13 21:13:01'),
(16,1,'04125016','KGS',NULL,NULL,NULL,NULL,'BELUM DITIMBANG',NULL,1,NULL,'2026-01-13 21:13:01','2026-01-13 21:13:01'),
(17,1,'04125017','KGS',NULL,NULL,NULL,NULL,'BELUM DITIMBANG',NULL,1,NULL,'2026-01-13 21:13:01','2026-01-13 21:13:01'),
(18,1,'04125018','KGS',NULL,NULL,NULL,NULL,'BELUM DITIMBANG',NULL,1,NULL,'2026-01-13 21:13:01','2026-01-13 21:13:01'),
(19,1,'04125019','KGS',NULL,NULL,NULL,NULL,'BELUM DITIMBANG',NULL,1,NULL,'2026-01-13 21:13:01','2026-01-13 21:13:01'),
(20,1,'04125020','KGS',NULL,NULL,NULL,NULL,'BELUM DITIMBANG',NULL,1,NULL,'2026-01-13 21:13:01','2026-01-13 21:13:01'),
(21,1,'04125021','KGS',NULL,NULL,NULL,NULL,'BELUM DITIMBANG',NULL,1,NULL,'2026-01-13 21:13:01','2026-01-13 21:13:01'),
(22,1,'04125022','KGS',NULL,NULL,NULL,NULL,'BELUM DITIMBANG',NULL,1,NULL,'2026-01-13 21:13:01','2026-01-13 21:13:01'),
(23,1,'04125023','KGS',NULL,NULL,NULL,NULL,'BELUM DITIMBANG',NULL,1,NULL,'2026-01-13 21:13:01','2026-01-13 21:13:01'),
(24,1,'04125024','KGS',NULL,NULL,NULL,NULL,'BELUM DITIMBANG',NULL,1,NULL,'2026-01-13 21:13:01','2026-01-13 21:13:01'),
(25,1,'04125025','KGS',NULL,NULL,NULL,NULL,'BELUM DITIMBANG',NULL,1,NULL,'2026-01-13 21:13:01','2026-01-13 21:13:01'),
(26,1,'04125026','KGS',NULL,NULL,NULL,NULL,'BELUM DITIMBANG',NULL,1,NULL,'2026-01-13 21:13:01','2026-01-13 21:13:01'),
(27,1,'04125027','KGS',NULL,NULL,NULL,NULL,'BELUM DITIMBANG',NULL,1,NULL,'2026-01-13 21:13:01','2026-01-13 21:13:01'),
(28,1,'04125028','KGS',NULL,NULL,NULL,NULL,'BELUM DITIMBANG',NULL,1,NULL,'2026-01-13 21:13:01','2026-01-13 21:13:01'),
(29,1,'04125029','KGS',NULL,NULL,NULL,NULL,'BELUM DITIMBANG',NULL,1,NULL,'2026-01-13 21:13:01','2026-01-13 21:13:01'),
(30,1,'04125030','KGS',NULL,NULL,NULL,NULL,'BELUM DITIMBANG',NULL,1,NULL,'2026-01-13 21:13:01','2026-01-13 21:13:01'),
(31,1,'04125031','KGS',NULL,NULL,NULL,NULL,'BELUM DITIMBANG',NULL,1,NULL,'2026-01-13 21:13:01','2026-01-13 21:13:01'),
(32,1,'04125032','KGS',NULL,NULL,NULL,NULL,'BELUM DITIMBANG',NULL,1,NULL,'2026-01-13 21:13:01','2026-01-13 21:13:01'),
(33,1,'04125033','KGS',NULL,NULL,NULL,NULL,'BELUM DITIMBANG',NULL,1,NULL,'2026-01-13 21:13:01','2026-01-13 21:13:01'),
(34,1,'04125034','KGS',NULL,NULL,NULL,NULL,'BELUM DITIMBANG',NULL,1,NULL,'2026-01-13 21:13:02','2026-01-13 21:13:02'),
(35,1,'04125035','KGS',NULL,NULL,NULL,NULL,'BELUM DITIMBANG',NULL,1,NULL,'2026-01-13 21:13:02','2026-01-13 21:13:02'),
(36,1,'04125036','KGS',NULL,NULL,NULL,NULL,'BELUM DITIMBANG',NULL,1,NULL,'2026-01-13 21:13:02','2026-01-13 21:13:02'),
(37,1,'04125037','KGS',NULL,NULL,NULL,NULL,'BELUM DITIMBANG',NULL,1,NULL,'2026-01-13 21:13:02','2026-01-13 21:13:02'),
(38,1,'04125038','KGS',NULL,NULL,NULL,NULL,'BELUM DITIMBANG',NULL,1,NULL,'2026-01-13 21:13:02','2026-01-13 21:13:02'),
(39,1,'04125039','KGS',NULL,NULL,NULL,NULL,'BELUM DITIMBANG',NULL,1,NULL,'2026-01-13 21:13:02','2026-01-13 21:13:02'),
(40,1,'04125040','KGS',NULL,NULL,NULL,NULL,'BELUM DITIMBANG',NULL,1,NULL,'2026-01-13 21:13:02','2026-01-13 21:13:02'),
(41,1,'04125041','KGS',NULL,NULL,NULL,NULL,'BELUM DITIMBANG',NULL,1,NULL,'2026-01-13 21:13:02','2026-01-13 21:13:02'),
(42,1,'04125042','KGS',NULL,NULL,NULL,NULL,'BELUM DITIMBANG',NULL,1,NULL,'2026-01-13 21:13:02','2026-01-13 21:13:02'),
(43,1,'04125043','KGS',NULL,NULL,NULL,NULL,'BELUM DITIMBANG',NULL,1,NULL,'2026-01-13 21:13:02','2026-01-13 21:13:02'),
(44,1,'04125044','KGS',NULL,NULL,NULL,NULL,'BELUM DITIMBANG',NULL,1,NULL,'2026-01-13 21:13:02','2026-01-13 21:13:02'),
(45,1,'04125045','KGS',NULL,NULL,NULL,NULL,'BELUM DITIMBANG',NULL,1,NULL,'2026-01-13 21:13:02','2026-01-13 21:13:02'),
(46,1,'04125046','KGS',NULL,NULL,NULL,NULL,'BELUM DITIMBANG',NULL,1,NULL,'2026-01-13 21:13:02','2026-01-13 21:13:02'),
(47,1,'04125047','KGS',NULL,NULL,NULL,NULL,'BELUM DITIMBANG',NULL,1,NULL,'2026-01-13 21:13:02','2026-01-13 21:13:02'),
(48,1,'04125048','KGS',NULL,NULL,NULL,NULL,'BELUM DITIMBANG',NULL,1,NULL,'2026-01-13 21:13:02','2026-01-13 21:13:02'),
(49,1,'04125049','KGS',NULL,NULL,NULL,NULL,'BELUM DITIMBANG',NULL,1,NULL,'2026-01-13 21:13:02','2026-01-13 21:13:02'),
(50,1,'04125050','KGS',NULL,NULL,NULL,NULL,'BELUM DITIMBANG',NULL,1,NULL,'2026-01-13 21:13:02','2026-01-13 21:13:02'),
(51,1,'04125051','KGS',NULL,NULL,NULL,NULL,'BELUM DITIMBANG',NULL,1,NULL,'2026-01-13 21:13:02','2026-01-13 21:13:02'),
(52,1,'04125052','KGS',NULL,NULL,NULL,NULL,'BELUM DITIMBANG',NULL,1,NULL,'2026-01-13 21:13:02','2026-01-13 21:13:02'),
(53,1,'04125053','KGS',NULL,NULL,NULL,NULL,'BELUM DITIMBANG',NULL,1,NULL,'2026-01-13 21:13:02','2026-01-13 21:13:02'),
(54,1,'04125054','KGS',NULL,NULL,NULL,NULL,'BELUM DITIMBANG',NULL,1,NULL,'2026-01-13 21:13:02','2026-01-13 21:13:02'),
(55,1,'04125055','KGS',NULL,NULL,NULL,NULL,'BELUM DITIMBANG',NULL,1,NULL,'2026-01-13 21:13:02','2026-01-13 21:13:02'),
(56,1,'04125056','KGS',NULL,NULL,NULL,NULL,'BELUM DITIMBANG',NULL,1,NULL,'2026-01-13 21:13:02','2026-01-13 21:13:02'),
(57,1,'04125057','KGS',NULL,NULL,NULL,NULL,'BELUM DITIMBANG',NULL,1,NULL,'2026-01-13 21:13:02','2026-01-13 21:13:02'),
(58,1,'04125058','KGS',NULL,NULL,NULL,NULL,'BELUM DITIMBANG',NULL,1,NULL,'2026-01-13 21:13:02','2026-01-13 21:13:02'),
(59,1,'04125059','KGS',NULL,NULL,NULL,NULL,'BELUM DITIMBANG',NULL,1,NULL,'2026-01-13 21:13:02','2026-01-13 21:13:02'),
(60,1,'04125060','KGS',NULL,NULL,NULL,NULL,'BELUM DITIMBANG',NULL,1,NULL,'2026-01-13 21:13:02','2026-01-13 21:13:02'),
(61,1,'04125061','KGS',NULL,NULL,NULL,NULL,'BELUM DITIMBANG',NULL,1,NULL,'2026-01-13 21:13:02','2026-01-13 21:13:02'),
(62,1,'04125062','KGS',NULL,NULL,NULL,NULL,'BELUM DITIMBANG',NULL,1,NULL,'2026-01-13 21:13:02','2026-01-13 21:13:02'),
(63,1,'04125063','KGS',NULL,NULL,NULL,NULL,'BELUM DITIMBANG',NULL,1,NULL,'2026-01-13 21:13:02','2026-01-13 21:13:02'),
(64,1,'04125064','KGS',NULL,NULL,NULL,NULL,'BELUM DITIMBANG',NULL,1,NULL,'2026-01-13 21:13:02','2026-01-13 21:13:02'),
(65,1,'04125065','KGS',NULL,NULL,NULL,NULL,'BELUM DITIMBANG',NULL,1,NULL,'2026-01-13 21:13:02','2026-01-13 21:13:02'),
(66,1,'04125066','KGS',NULL,NULL,NULL,NULL,'BELUM DITIMBANG',NULL,1,NULL,'2026-01-13 21:13:02','2026-01-13 21:13:02'),
(67,1,'04125067','KGS',NULL,NULL,NULL,NULL,'BELUM DITIMBANG',NULL,1,NULL,'2026-01-13 21:13:02','2026-01-13 21:13:02'),
(68,1,'04125068','KGS',NULL,NULL,NULL,NULL,'BELUM DITIMBANG',NULL,1,NULL,'2026-01-13 21:13:02','2026-01-13 21:13:02'),
(69,1,'04125069','KGS',NULL,NULL,NULL,NULL,'BELUM DITIMBANG',NULL,1,NULL,'2026-01-13 21:13:02','2026-01-13 21:13:02'),
(70,1,'04125070','KGS',NULL,NULL,NULL,NULL,'BELUM DITIMBANG',NULL,1,NULL,'2026-01-13 21:13:02','2026-01-13 21:13:02'),
(71,1,'04125071','KGS',NULL,NULL,NULL,NULL,'BELUM DITIMBANG',NULL,1,NULL,'2026-01-13 21:13:02','2026-01-13 21:13:02'),
(72,1,'04125072','KGS',NULL,NULL,NULL,NULL,'BELUM DITIMBANG',NULL,1,NULL,'2026-01-13 21:13:02','2026-01-13 21:13:02'),
(73,1,'04125073','KGS',NULL,NULL,NULL,NULL,'BELUM DITIMBANG',NULL,1,NULL,'2026-01-13 21:13:02','2026-01-13 21:13:02'),
(74,1,'04125074','KGS',NULL,NULL,NULL,NULL,'BELUM DITIMBANG',NULL,1,NULL,'2026-01-13 21:13:02','2026-01-13 21:13:02'),
(75,1,'04125075','KGS',NULL,NULL,NULL,NULL,'BELUM DITIMBANG',NULL,1,NULL,'2026-01-13 21:13:02','2026-01-13 21:13:02'),
(76,1,'04125076','KGS',NULL,NULL,NULL,NULL,'BELUM DITIMBANG',NULL,1,NULL,'2026-01-13 21:13:02','2026-01-13 21:13:02'),
(77,1,'04125077','KGS',NULL,NULL,NULL,NULL,'BELUM DITIMBANG',NULL,1,NULL,'2026-01-13 21:13:02','2026-01-13 21:13:02'),
(78,1,'04125078','KGS',NULL,NULL,NULL,NULL,'BELUM DITIMBANG',NULL,1,NULL,'2026-01-13 21:13:02','2026-01-13 21:13:02'),
(79,1,'04125079','KGS',NULL,NULL,NULL,NULL,'BELUM DITIMBANG',NULL,1,NULL,'2026-01-13 21:13:02','2026-01-13 21:13:02'),
(80,1,'04125080','KGS',NULL,NULL,NULL,NULL,'BELUM DITIMBANG',NULL,1,NULL,'2026-01-13 21:13:02','2026-01-13 21:13:02'),
(81,1,'04125081','KGS',NULL,NULL,NULL,NULL,'BELUM DITIMBANG',NULL,1,NULL,'2026-01-13 21:13:02','2026-01-13 21:13:02'),
(82,1,'04125082','KGS',NULL,NULL,NULL,NULL,'BELUM DITIMBANG',NULL,1,NULL,'2026-01-13 21:13:02','2026-01-13 21:13:02'),
(83,1,'04125083','KGS',NULL,NULL,NULL,NULL,'BELUM DITIMBANG',NULL,1,NULL,'2026-01-13 21:13:02','2026-01-13 21:13:02'),
(84,1,'04125084','KGS',NULL,NULL,NULL,NULL,'BELUM DITIMBANG',NULL,1,NULL,'2026-01-13 21:13:02','2026-01-13 21:13:02'),
(85,1,'04125085','KGS',NULL,NULL,NULL,NULL,'BELUM DITIMBANG',NULL,1,NULL,'2026-01-13 21:13:02','2026-01-13 21:13:02'),
(86,1,'04125086','KGS',NULL,NULL,NULL,NULL,'BELUM DITIMBANG',NULL,1,NULL,'2026-01-13 21:13:02','2026-01-13 21:13:02'),
(87,1,'04125087','KGS',NULL,NULL,NULL,NULL,'BELUM DITIMBANG',NULL,1,NULL,'2026-01-13 21:13:02','2026-01-13 21:13:02'),
(88,1,'04125088','KGS',NULL,NULL,NULL,NULL,'BELUM DITIMBANG',NULL,1,NULL,'2026-01-13 21:13:02','2026-01-13 21:13:02'),
(89,1,'04125089','KGS',NULL,NULL,NULL,NULL,'BELUM DITIMBANG',NULL,1,NULL,'2026-01-13 21:13:02','2026-01-13 21:13:02'),
(90,1,'04125090','KGS',NULL,NULL,NULL,NULL,'BELUM DITIMBANG',NULL,1,NULL,'2026-01-13 21:13:02','2026-01-13 21:13:02'),
(91,1,'04125091','KGS',NULL,NULL,NULL,NULL,'BELUM DITIMBANG',NULL,1,NULL,'2026-01-13 21:13:02','2026-01-13 21:13:02'),
(92,1,'04125092','KGS',NULL,NULL,NULL,NULL,'BELUM DITIMBANG',NULL,1,NULL,'2026-01-13 21:13:02','2026-01-13 21:13:02'),
(93,1,'04125093','KGS',NULL,NULL,NULL,NULL,'BELUM DITIMBANG',NULL,1,NULL,'2026-01-13 21:13:02','2026-01-13 21:13:02'),
(94,1,'04125094','KGS',NULL,NULL,NULL,NULL,'BELUM DITIMBANG',NULL,1,NULL,'2026-01-13 21:13:02','2026-01-13 21:13:02'),
(95,1,'04125095','KGS',NULL,NULL,NULL,NULL,'BELUM DITIMBANG',NULL,1,NULL,'2026-01-13 21:13:02','2026-01-13 21:13:02'),
(96,1,'04125096','KGS',NULL,NULL,NULL,NULL,'BELUM DITIMBANG',NULL,1,NULL,'2026-01-13 21:13:02','2026-01-13 21:13:02'),
(97,1,'04125097','KGS',NULL,NULL,NULL,NULL,'BELUM DITIMBANG',NULL,1,NULL,'2026-01-13 21:13:02','2026-01-13 21:13:02'),
(98,1,'04125098','KGS',NULL,NULL,NULL,NULL,'BELUM DITIMBANG',NULL,1,NULL,'2026-01-13 21:13:02','2026-01-13 21:13:02'),
(99,1,'04125099','KGS',NULL,NULL,NULL,NULL,'BELUM DITIMBANG',NULL,1,NULL,'2026-01-13 21:13:02','2026-01-13 21:13:02'),
(100,1,'04125100','KGS',NULL,NULL,NULL,NULL,'BELUM DITIMBANG',NULL,1,NULL,'2026-01-13 21:13:02','2026-01-13 21:13:02'),
(101,1,'04125101','KGS',NULL,NULL,NULL,NULL,'BELUM DITIMBANG',NULL,1,NULL,'2026-01-13 21:13:02','2026-01-13 21:13:02'),
(102,1,'04125102','KGS',NULL,NULL,NULL,NULL,'BELUM DITIMBANG',NULL,1,NULL,'2026-01-13 21:13:02','2026-01-13 21:13:02'),
(103,1,'04125103','KGS',NULL,NULL,NULL,NULL,'BELUM DITIMBANG',NULL,1,NULL,'2026-01-13 21:13:02','2026-01-13 21:13:02'),
(104,1,'04125104','KGS',NULL,NULL,NULL,NULL,'BELUM DITIMBANG',NULL,1,NULL,'2026-01-13 21:13:02','2026-01-13 21:13:02'),
(105,1,'04125105','KGS',NULL,NULL,NULL,NULL,'BELUM DITIMBANG',NULL,1,NULL,'2026-01-13 21:13:02','2026-01-13 21:13:02'),
(106,1,'04125106','KGS',NULL,NULL,NULL,NULL,'BELUM DITIMBANG',NULL,1,NULL,'2026-01-13 21:13:02','2026-01-13 21:13:02'),
(107,1,'04125107','KGS',NULL,NULL,NULL,NULL,'BELUM DITIMBANG',NULL,1,NULL,'2026-01-13 21:13:02','2026-01-13 21:13:02'),
(108,1,'04125108','KGS',NULL,NULL,NULL,NULL,'BELUM DITIMBANG',NULL,1,NULL,'2026-01-13 21:13:02','2026-01-13 21:13:02'),
(109,2,'05125001','KGS',NULL,NULL,NULL,NULL,'BELUM DITIMBANG',NULL,1,NULL,'2026-01-13 21:19:47','2026-01-13 21:19:47'),
(110,2,'05125002','KGS',NULL,NULL,NULL,NULL,'BELUM DITIMBANG',NULL,1,NULL,'2026-01-13 21:19:47','2026-01-13 21:19:47'),
(111,2,'05125003','KGS',NULL,NULL,NULL,NULL,'BELUM DITIMBANG',NULL,1,NULL,'2026-01-13 21:19:47','2026-01-13 21:19:47'),
(112,2,'05125004','KGS',NULL,NULL,NULL,NULL,'BELUM DITIMBANG',NULL,1,NULL,'2026-01-13 21:19:47','2026-01-13 21:19:47'),
(113,2,'05125005','KGS',NULL,NULL,NULL,NULL,'BELUM DITIMBANG',NULL,1,NULL,'2026-01-13 21:19:47','2026-01-13 21:19:47'),
(114,2,'05125006','KGS',NULL,NULL,NULL,NULL,'BELUM DITIMBANG',NULL,1,NULL,'2026-01-13 21:19:47','2026-01-13 21:19:47'),
(115,2,'05125007','KGS',NULL,NULL,NULL,NULL,'BELUM DITIMBANG',NULL,1,NULL,'2026-01-13 21:19:47','2026-01-13 21:19:47'),
(116,2,'05125008','KGS',NULL,NULL,NULL,NULL,'BELUM DITIMBANG',NULL,1,NULL,'2026-01-13 21:19:47','2026-01-13 21:19:47'),
(117,2,'05125009','KGS',NULL,NULL,NULL,NULL,'BELUM DITIMBANG',NULL,1,NULL,'2026-01-13 21:19:47','2026-01-13 21:19:47'),
(118,2,'05125010','KGS',NULL,NULL,NULL,NULL,'BELUM DITIMBANG',NULL,1,NULL,'2026-01-13 21:19:47','2026-01-13 21:19:47'),
(119,2,'05125011','KGS',NULL,NULL,NULL,NULL,'BELUM DITIMBANG',NULL,1,NULL,'2026-01-13 21:19:47','2026-01-13 21:19:47'),
(120,2,'05125012','KGS',NULL,NULL,NULL,NULL,'BELUM DITIMBANG',NULL,1,NULL,'2026-01-13 21:19:47','2026-01-13 21:19:47'),
(121,2,'05125013','KGS',NULL,NULL,NULL,NULL,'BELUM DITIMBANG',NULL,1,NULL,'2026-01-13 21:19:47','2026-01-13 21:19:47'),
(122,2,'05125014','KGS',NULL,NULL,NULL,NULL,'BELUM DITIMBANG',NULL,1,NULL,'2026-01-13 21:19:47','2026-01-13 21:19:47'),
(123,2,'05125015','KGS',NULL,NULL,NULL,NULL,'BELUM DITIMBANG',NULL,1,NULL,'2026-01-13 21:19:47','2026-01-13 21:19:47'),
(124,2,'05125016','KGS',NULL,NULL,NULL,NULL,'BELUM DITIMBANG',NULL,1,NULL,'2026-01-13 21:19:47','2026-01-13 21:19:47'),
(125,2,'05125017','KGS',NULL,NULL,NULL,NULL,'BELUM DITIMBANG',NULL,1,NULL,'2026-01-13 21:19:47','2026-01-13 21:19:47'),
(126,2,'05125018','KGS',NULL,NULL,NULL,NULL,'BELUM DITIMBANG',NULL,1,NULL,'2026-01-13 21:19:47','2026-01-13 21:19:47'),
(127,2,'05125019','KGS',NULL,NULL,NULL,NULL,'BELUM DITIMBANG',NULL,1,NULL,'2026-01-13 21:19:47','2026-01-13 21:19:47'),
(128,2,'05125020','KGS',NULL,NULL,NULL,NULL,'BELUM DITIMBANG',NULL,1,NULL,'2026-01-13 21:19:47','2026-01-13 21:19:47'),
(129,2,'05125021','KGS',NULL,NULL,NULL,NULL,'BELUM DITIMBANG',NULL,1,NULL,'2026-01-13 21:19:47','2026-01-13 21:19:47'),
(130,2,'05125022','KGS',NULL,NULL,NULL,NULL,'BELUM DITIMBANG',NULL,1,NULL,'2026-01-13 21:19:47','2026-01-13 21:19:47'),
(131,2,'05125023','KGS',NULL,NULL,NULL,NULL,'BELUM DITIMBANG',NULL,1,NULL,'2026-01-13 21:19:47','2026-01-13 21:19:47'),
(132,2,'05125024','KGS',NULL,NULL,NULL,NULL,'BELUM DITIMBANG',NULL,1,NULL,'2026-01-13 21:19:47','2026-01-13 21:19:47'),
(133,2,'05125025','KGS',NULL,NULL,NULL,NULL,'BELUM DITIMBANG',NULL,1,NULL,'2026-01-13 21:19:47','2026-01-13 21:19:47'),
(134,2,'05125026','KGS',NULL,NULL,NULL,NULL,'BELUM DITIMBANG',NULL,1,NULL,'2026-01-13 21:19:47','2026-01-13 21:19:47'),
(135,2,'05125027','KGS',NULL,NULL,NULL,NULL,'BELUM DITIMBANG',NULL,1,NULL,'2026-01-13 21:19:47','2026-01-13 21:19:47'),
(136,2,'05125028','KGS',NULL,NULL,NULL,NULL,'BELUM DITIMBANG',NULL,1,NULL,'2026-01-13 21:19:47','2026-01-13 21:19:47'),
(137,2,'05125029','KGS',NULL,NULL,NULL,NULL,'BELUM DITIMBANG',NULL,1,NULL,'2026-01-13 21:19:47','2026-01-13 21:19:47'),
(138,2,'05125030','KGS',NULL,NULL,NULL,NULL,'BELUM DITIMBANG',NULL,1,NULL,'2026-01-13 21:19:47','2026-01-13 21:19:47'),
(139,2,'05125031','KGS',NULL,NULL,NULL,NULL,'BELUM DITIMBANG',NULL,1,NULL,'2026-01-13 21:19:47','2026-01-13 21:19:47'),
(140,2,'05125032','KGS',NULL,NULL,NULL,NULL,'BELUM DITIMBANG',NULL,1,NULL,'2026-01-13 21:19:47','2026-01-13 21:19:47'),
(141,2,'05125033','KGS',NULL,NULL,NULL,NULL,'BELUM DITIMBANG',NULL,1,NULL,'2026-01-13 21:19:47','2026-01-13 21:19:47'),
(142,2,'05125034','KGS',NULL,NULL,NULL,NULL,'BELUM DITIMBANG',NULL,1,NULL,'2026-01-13 21:19:47','2026-01-13 21:19:47'),
(143,2,'05125035','KGS',NULL,NULL,NULL,NULL,'BELUM DITIMBANG',NULL,1,NULL,'2026-01-13 21:19:47','2026-01-13 21:19:47'),
(144,2,'05125036','KGS',NULL,NULL,NULL,NULL,'BELUM DITIMBANG',NULL,1,NULL,'2026-01-13 21:19:47','2026-01-13 21:19:47'),
(145,2,'05125037','KGS',NULL,NULL,NULL,NULL,'BELUM DITIMBANG',NULL,1,NULL,'2026-01-13 21:19:47','2026-01-13 21:19:47'),
(146,2,'05125038','KGS',NULL,NULL,NULL,NULL,'BELUM DITIMBANG',NULL,1,NULL,'2026-01-13 21:19:47','2026-01-13 21:19:47'),
(147,2,'05125039','KGS',NULL,NULL,NULL,NULL,'BELUM DITIMBANG',NULL,1,NULL,'2026-01-13 21:19:47','2026-01-13 21:19:47'),
(148,2,'05125040','KGS',NULL,NULL,NULL,NULL,'BELUM DITIMBANG',NULL,1,NULL,'2026-01-13 21:19:47','2026-01-13 21:19:47'),
(149,2,'05125041','KGS',NULL,NULL,NULL,NULL,'BELUM DITIMBANG',NULL,1,NULL,'2026-01-13 21:19:47','2026-01-13 21:19:47'),
(150,2,'05125042','KGS',NULL,NULL,NULL,NULL,'BELUM DITIMBANG',NULL,1,NULL,'2026-01-13 21:19:47','2026-01-13 21:19:47'),
(151,2,'05125043','KGS',NULL,NULL,NULL,NULL,'BELUM DITIMBANG',NULL,1,NULL,'2026-01-13 21:19:47','2026-01-13 21:19:47'),
(152,2,'05125044','KGS',NULL,NULL,NULL,NULL,'BELUM DITIMBANG',NULL,1,NULL,'2026-01-13 21:19:47','2026-01-13 21:19:47'),
(153,2,'05125045','KGS',NULL,NULL,NULL,NULL,'BELUM DITIMBANG',NULL,1,NULL,'2026-01-13 21:19:47','2026-01-13 21:19:47'),
(154,2,'05125046','KGS',NULL,NULL,NULL,NULL,'BELUM DITIMBANG',NULL,1,NULL,'2026-01-13 21:19:47','2026-01-13 21:19:47'),
(155,2,'05125047','KGS',NULL,NULL,NULL,NULL,'BELUM DITIMBANG',NULL,1,NULL,'2026-01-13 21:19:47','2026-01-13 21:19:47'),
(156,2,'05125048','KGS',NULL,NULL,NULL,NULL,'BELUM DITIMBANG',NULL,1,NULL,'2026-01-13 21:19:47','2026-01-13 21:19:47'),
(157,2,'05125049','KGS',NULL,NULL,NULL,NULL,'BELUM DITIMBANG',NULL,1,NULL,'2026-01-13 21:19:47','2026-01-13 21:19:47'),
(158,2,'05125050','KGS',NULL,NULL,NULL,NULL,'BELUM DITIMBANG',NULL,1,NULL,'2026-01-13 21:19:47','2026-01-13 21:19:47'),
(159,2,'05125051','KGS',NULL,NULL,NULL,NULL,'BELUM DITIMBANG',NULL,1,NULL,'2026-01-13 21:19:47','2026-01-13 21:19:47'),
(160,2,'05125052','KGS',NULL,NULL,NULL,NULL,'BELUM DITIMBANG',NULL,1,NULL,'2026-01-13 21:19:47','2026-01-13 21:19:47'),
(161,2,'05125053','KGS',NULL,NULL,NULL,NULL,'BELUM DITIMBANG',NULL,1,NULL,'2026-01-13 21:19:47','2026-01-13 21:19:47'),
(162,2,'05125054','KGS',NULL,NULL,NULL,NULL,'BELUM DITIMBANG',NULL,1,NULL,'2026-01-13 21:19:47','2026-01-13 21:19:47'),
(163,2,'05125055','KGS',NULL,NULL,NULL,NULL,'BELUM DITIMBANG',NULL,1,NULL,'2026-01-13 21:19:47','2026-01-13 21:19:47'),
(164,2,'05125056','KGS',NULL,NULL,NULL,NULL,'BELUM DITIMBANG',NULL,1,NULL,'2026-01-13 21:19:47','2026-01-13 21:19:47'),
(165,2,'05125057','KGS',NULL,NULL,NULL,NULL,'BELUM DITIMBANG',NULL,1,NULL,'2026-01-13 21:19:47','2026-01-13 21:19:47'),
(166,2,'05125058','KGS',NULL,NULL,NULL,NULL,'BELUM DITIMBANG',NULL,1,NULL,'2026-01-13 21:19:47','2026-01-13 21:19:47'),
(167,2,'05125059','KGS',NULL,NULL,NULL,NULL,'BELUM DITIMBANG',NULL,1,NULL,'2026-01-13 21:19:47','2026-01-13 21:19:47'),
(168,2,'05125060','KGS',NULL,NULL,NULL,NULL,'BELUM DITIMBANG',NULL,1,NULL,'2026-01-13 21:19:47','2026-01-13 21:19:47'),
(169,2,'05125061','KGS',NULL,NULL,NULL,NULL,'BELUM DITIMBANG',NULL,1,NULL,'2026-01-13 21:19:47','2026-01-13 21:19:47'),
(170,2,'05125062','KGS',NULL,NULL,NULL,NULL,'BELUM DITIMBANG',NULL,1,NULL,'2026-01-13 21:19:47','2026-01-13 21:19:47'),
(171,2,'05125063','KGS',NULL,NULL,NULL,NULL,'BELUM DITIMBANG',NULL,1,NULL,'2026-01-13 21:19:47','2026-01-13 21:19:47'),
(172,2,'05125064','KGS',NULL,NULL,NULL,NULL,'BELUM DITIMBANG',NULL,1,NULL,'2026-01-13 21:19:47','2026-01-13 21:19:47'),
(173,2,'05125065','KGS',NULL,NULL,NULL,NULL,'BELUM DITIMBANG',NULL,1,NULL,'2026-01-13 21:19:47','2026-01-13 21:19:47'),
(174,2,'05125066','KGS',NULL,NULL,NULL,NULL,'BELUM DITIMBANG',NULL,1,NULL,'2026-01-13 21:19:47','2026-01-13 21:19:47'),
(175,2,'05125067','KGS',NULL,NULL,NULL,NULL,'BELUM DITIMBANG',NULL,1,NULL,'2026-01-13 21:19:47','2026-01-13 21:19:47'),
(176,2,'05125068','KGS',NULL,NULL,NULL,NULL,'BELUM DITIMBANG',NULL,1,NULL,'2026-01-13 21:19:47','2026-01-13 21:19:47'),
(177,2,'05125069','KGS',NULL,NULL,NULL,NULL,'BELUM DITIMBANG',NULL,1,NULL,'2026-01-13 21:19:47','2026-01-13 21:19:47'),
(178,2,'05125070','KGS',NULL,NULL,NULL,NULL,'BELUM DITIMBANG',NULL,1,NULL,'2026-01-13 21:19:47','2026-01-13 21:19:47'),
(179,2,'05125071','KGS',NULL,NULL,NULL,NULL,'BELUM DITIMBANG',NULL,1,NULL,'2026-01-13 21:19:47','2026-01-13 21:19:47'),
(180,2,'05125072','KGS',NULL,NULL,NULL,NULL,'BELUM DITIMBANG',NULL,1,NULL,'2026-01-13 21:19:47','2026-01-13 21:19:47'),
(181,2,'05125073','KGS',NULL,NULL,NULL,NULL,'BELUM DITIMBANG',NULL,1,NULL,'2026-01-13 21:19:47','2026-01-13 21:19:47'),
(182,2,'05125074','KGS',NULL,NULL,NULL,NULL,'BELUM DITIMBANG',NULL,1,NULL,'2026-01-13 21:19:47','2026-01-13 21:19:47'),
(183,2,'05125075','KGS',NULL,NULL,NULL,NULL,'BELUM DITIMBANG',NULL,1,NULL,'2026-01-13 21:19:47','2026-01-13 21:19:47'),
(184,2,'05125076','KGS',NULL,NULL,NULL,NULL,'BELUM DITIMBANG',NULL,1,NULL,'2026-01-13 21:19:47','2026-01-13 21:19:47'),
(185,2,'05125077','KGS',NULL,NULL,NULL,NULL,'BELUM DITIMBANG',NULL,1,NULL,'2026-01-13 21:19:47','2026-01-13 21:19:47'),
(186,2,'05125078','KGS',NULL,NULL,NULL,NULL,'BELUM DITIMBANG',NULL,1,NULL,'2026-01-13 21:19:47','2026-01-13 21:19:47'),
(187,2,'05125079','KGS',NULL,NULL,NULL,NULL,'BELUM DITIMBANG',NULL,1,NULL,'2026-01-13 21:19:47','2026-01-13 21:19:47'),
(188,2,'05125080','KGS',NULL,NULL,NULL,NULL,'BELUM DITIMBANG',NULL,1,NULL,'2026-01-13 21:19:47','2026-01-13 21:19:47'),
(189,2,'05125081','KGS',NULL,NULL,NULL,NULL,'BELUM DITIMBANG',NULL,1,NULL,'2026-01-13 21:19:47','2026-01-13 21:19:47'),
(190,2,'05125082','KGS',NULL,NULL,NULL,NULL,'BELUM DITIMBANG',NULL,1,NULL,'2026-01-13 21:19:47','2026-01-13 21:19:47'),
(191,2,'05125083','KGS',NULL,NULL,NULL,NULL,'BELUM DITIMBANG',NULL,1,NULL,'2026-01-13 21:19:47','2026-01-13 21:19:47'),
(192,2,'05125084','KGS',NULL,NULL,NULL,NULL,'BELUM DITIMBANG',NULL,1,NULL,'2026-01-13 21:19:47','2026-01-13 21:19:47'),
(193,2,'05125085','KGS',NULL,NULL,NULL,NULL,'BELUM DITIMBANG',NULL,1,NULL,'2026-01-13 21:19:47','2026-01-13 21:19:47'),
(194,2,'05125086','KGS',NULL,NULL,NULL,NULL,'BELUM DITIMBANG',NULL,1,NULL,'2026-01-13 21:19:47','2026-01-13 21:19:47'),
(195,2,'05125087','KGS',NULL,NULL,NULL,NULL,'BELUM DITIMBANG',NULL,1,NULL,'2026-01-13 21:19:47','2026-01-13 21:19:47'),
(196,2,'05125088','KGS',NULL,NULL,NULL,NULL,'BELUM DITIMBANG',NULL,1,NULL,'2026-01-13 21:19:47','2026-01-13 21:19:47'),
(197,2,'05125089','KGS',NULL,NULL,NULL,NULL,'BELUM DITIMBANG',NULL,1,NULL,'2026-01-13 21:19:47','2026-01-13 21:19:47'),
(198,2,'05125090','KGS',NULL,NULL,NULL,NULL,'BELUM DITIMBANG',NULL,1,NULL,'2026-01-13 21:19:47','2026-01-13 21:19:47'),
(199,2,'05125091','KGS',NULL,NULL,NULL,NULL,'BELUM DITIMBANG',NULL,1,NULL,'2026-01-13 21:19:47','2026-01-13 21:19:47'),
(200,2,'05125092','KGS',NULL,NULL,NULL,NULL,'BELUM DITIMBANG',NULL,1,NULL,'2026-01-13 21:19:47','2026-01-13 21:19:47'),
(201,2,'05125093','KGS',NULL,NULL,NULL,NULL,'BELUM DITIMBANG',NULL,1,NULL,'2026-01-13 21:19:47','2026-01-13 21:19:47'),
(202,2,'05125094','KGS',NULL,NULL,NULL,NULL,'BELUM DITIMBANG',NULL,1,NULL,'2026-01-13 21:19:47','2026-01-13 21:19:47'),
(203,2,'05125095','KGS',NULL,NULL,NULL,NULL,'BELUM DITIMBANG',NULL,1,NULL,'2026-01-13 21:19:47','2026-01-13 21:19:47'),
(204,2,'05125096','KGS',NULL,NULL,NULL,NULL,'BELUM DITIMBANG',NULL,1,NULL,'2026-01-13 21:19:47','2026-01-13 21:19:47'),
(205,2,'05125097','KGS',NULL,NULL,NULL,NULL,'BELUM DITIMBANG',NULL,1,NULL,'2026-01-13 21:19:47','2026-01-13 21:19:47'),
(206,2,'05125098','KGS',NULL,NULL,NULL,NULL,'BELUM DITIMBANG',NULL,1,NULL,'2026-01-13 21:19:47','2026-01-13 21:19:47'),
(207,2,'05125099','KGS',NULL,NULL,NULL,NULL,'BELUM DITIMBANG',NULL,1,NULL,'2026-01-13 21:19:48','2026-01-13 21:19:48'),
(208,2,'05125100','KGS',NULL,NULL,NULL,NULL,'BELUM DITIMBANG',NULL,1,NULL,'2026-01-13 21:19:48','2026-01-13 21:19:48'),
(209,2,'05125101','KGS',NULL,NULL,NULL,NULL,'BELUM DITIMBANG',NULL,1,NULL,'2026-01-13 21:19:48','2026-01-13 21:19:48'),
(210,2,'05125102','KGS',NULL,NULL,NULL,NULL,'BELUM DITIMBANG',NULL,1,NULL,'2026-01-13 21:19:48','2026-01-13 21:19:48'),
(211,2,'05125103','KGS',NULL,NULL,NULL,NULL,'BELUM DITIMBANG',NULL,1,NULL,'2026-01-13 21:19:48','2026-01-13 21:19:48'),
(212,2,'05125104','KGS',NULL,NULL,NULL,NULL,'BELUM DITIMBANG',NULL,1,NULL,'2026-01-13 21:19:48','2026-01-13 21:19:48'),
(213,2,'05125105','KGS',NULL,NULL,NULL,NULL,'BELUM DITIMBANG',NULL,1,NULL,'2026-01-13 21:19:48','2026-01-13 21:19:48'),
(214,2,'05125106','KGS',NULL,NULL,NULL,NULL,'BELUM DITIMBANG',NULL,1,NULL,'2026-01-13 21:19:48','2026-01-13 21:19:48'),
(215,2,'05125107','KGS',NULL,NULL,NULL,NULL,'BELUM DITIMBANG',NULL,1,NULL,'2026-01-13 21:19:48','2026-01-13 21:19:48'),
(216,2,'05125108','KGS',NULL,NULL,NULL,NULL,'BELUM DITIMBANG',NULL,1,NULL,'2026-01-13 21:19:48','2026-01-13 21:19:48'),
(217,3,'06125001','KGS',NULL,NULL,NULL,NULL,'BELUM DITIMBANG',NULL,1,NULL,'2026-01-14 22:34:21','2026-01-14 22:34:21'),
(218,3,'06125002','KGS',NULL,NULL,NULL,NULL,'BELUM DITIMBANG',NULL,1,NULL,'2026-01-14 22:34:21','2026-01-14 22:34:21'),
(219,3,'06125003','KGS',NULL,NULL,NULL,NULL,'BELUM DITIMBANG',NULL,1,NULL,'2026-01-14 22:34:21','2026-01-14 22:34:21'),
(220,3,'06125004','KGS',NULL,NULL,NULL,NULL,'BELUM DITIMBANG',NULL,1,NULL,'2026-01-14 22:34:21','2026-01-14 22:34:21'),
(221,3,'06125005','KGS',NULL,NULL,NULL,NULL,'BELUM DITIMBANG',NULL,1,NULL,'2026-01-14 22:34:21','2026-01-14 22:34:21'),
(222,3,'06125006','KGS',NULL,NULL,NULL,NULL,'BELUM DITIMBANG',NULL,1,NULL,'2026-01-14 22:34:21','2026-01-14 22:34:21'),
(223,3,'06125007','KGS',NULL,NULL,NULL,NULL,'BELUM DITIMBANG',NULL,1,NULL,'2026-01-14 22:34:21','2026-01-14 22:34:21'),
(224,3,'06125008','KGS',NULL,NULL,NULL,NULL,'BELUM DITIMBANG',NULL,1,NULL,'2026-01-14 22:34:22','2026-01-14 22:34:22'),
(225,3,'06125009','KGS',NULL,NULL,NULL,NULL,'BELUM DITIMBANG',NULL,1,NULL,'2026-01-14 22:34:22','2026-01-14 22:34:22'),
(226,3,'06125010','KGS',NULL,NULL,NULL,NULL,'BELUM DITIMBANG',NULL,1,NULL,'2026-01-14 22:34:22','2026-01-14 22:34:22'),
(227,3,'06125011','KGS',NULL,NULL,NULL,NULL,'BELUM DITIMBANG',NULL,1,NULL,'2026-01-14 22:34:22','2026-01-14 22:34:22'),
(228,3,'06125012','KGS',NULL,NULL,NULL,NULL,'BELUM DITIMBANG',NULL,1,NULL,'2026-01-14 22:34:22','2026-01-14 22:34:22'),
(229,3,'06125013','KGS',NULL,NULL,NULL,NULL,'BELUM DITIMBANG',NULL,1,NULL,'2026-01-14 22:34:22','2026-01-14 22:34:22'),
(230,3,'06125014','KGS',NULL,NULL,NULL,NULL,'BELUM DITIMBANG',NULL,1,NULL,'2026-01-14 22:34:22','2026-01-14 22:34:22'),
(231,3,'06125015','KGS',NULL,NULL,NULL,NULL,'BELUM DITIMBANG',NULL,1,NULL,'2026-01-14 22:34:22','2026-01-14 22:34:22'),
(232,3,'06125016','KGS',NULL,NULL,NULL,NULL,'BELUM DITIMBANG',NULL,1,NULL,'2026-01-14 22:34:22','2026-01-14 22:34:22'),
(233,3,'06125017','KGS',NULL,NULL,NULL,NULL,'BELUM DITIMBANG',NULL,1,NULL,'2026-01-14 22:34:22','2026-01-14 22:34:22'),
(234,3,'06125018','KGS',NULL,NULL,NULL,NULL,'BELUM DITIMBANG',NULL,1,NULL,'2026-01-14 22:34:22','2026-01-14 22:34:22'),
(235,3,'06125019','KGS',NULL,NULL,NULL,NULL,'BELUM DITIMBANG',NULL,1,NULL,'2026-01-14 22:34:22','2026-01-14 22:34:22'),
(236,3,'06125020','KGS',NULL,NULL,NULL,NULL,'BELUM DITIMBANG',NULL,1,NULL,'2026-01-14 22:34:22','2026-01-14 22:34:22'),
(237,3,'06125021','KGS',NULL,NULL,NULL,NULL,'BELUM DITIMBANG',NULL,1,NULL,'2026-01-14 22:34:22','2026-01-14 22:34:22'),
(238,3,'06125022','KGS',NULL,NULL,NULL,NULL,'BELUM DITIMBANG',NULL,1,NULL,'2026-01-14 22:34:22','2026-01-14 22:34:22'),
(239,3,'06125023','KGS',NULL,NULL,NULL,NULL,'BELUM DITIMBANG',NULL,1,NULL,'2026-01-14 22:34:22','2026-01-14 22:34:22'),
(240,3,'06125024','KGS',NULL,NULL,NULL,NULL,'BELUM DITIMBANG',NULL,1,NULL,'2026-01-14 22:34:22','2026-01-14 22:34:22'),
(241,3,'06125025','KGS',NULL,NULL,NULL,NULL,'BELUM DITIMBANG',NULL,1,NULL,'2026-01-14 22:34:22','2026-01-14 22:34:22'),
(242,3,'06125026','KGS',NULL,NULL,NULL,NULL,'BELUM DITIMBANG',NULL,1,NULL,'2026-01-14 22:34:22','2026-01-14 22:34:22'),
(243,3,'06125027','KGS',NULL,NULL,NULL,NULL,'BELUM DITIMBANG',NULL,1,NULL,'2026-01-14 22:34:22','2026-01-14 22:34:22'),
(244,3,'06125028','KGS',NULL,NULL,NULL,NULL,'BELUM DITIMBANG',NULL,1,NULL,'2026-01-14 22:34:22','2026-01-14 22:34:22'),
(245,3,'06125029','KGS',NULL,NULL,NULL,NULL,'BELUM DITIMBANG',NULL,1,NULL,'2026-01-14 22:34:22','2026-01-14 22:34:22'),
(246,3,'06125030','KGS',NULL,NULL,NULL,NULL,'BELUM DITIMBANG',NULL,1,NULL,'2026-01-14 22:34:22','2026-01-14 22:34:22'),
(247,3,'06125031','KGS',NULL,NULL,NULL,NULL,'BELUM DITIMBANG',NULL,1,NULL,'2026-01-14 22:34:22','2026-01-14 22:34:22'),
(248,3,'06125032','KGS',NULL,NULL,NULL,NULL,'BELUM DITIMBANG',NULL,1,NULL,'2026-01-14 22:34:22','2026-01-14 22:34:22'),
(249,3,'06125033','KGS',NULL,NULL,NULL,NULL,'BELUM DITIMBANG',NULL,1,NULL,'2026-01-14 22:34:22','2026-01-14 22:34:22'),
(250,3,'06125034','KGS',NULL,NULL,NULL,NULL,'BELUM DITIMBANG',NULL,1,NULL,'2026-01-14 22:34:22','2026-01-14 22:34:22'),
(251,3,'06125035','KGS',NULL,NULL,NULL,NULL,'BELUM DITIMBANG',NULL,1,NULL,'2026-01-14 22:34:22','2026-01-14 22:34:22'),
(252,3,'06125036','KGS',NULL,NULL,NULL,NULL,'BELUM DITIMBANG',NULL,1,NULL,'2026-01-14 22:34:22','2026-01-14 22:34:22'),
(253,3,'06125037','KGS',NULL,NULL,NULL,NULL,'BELUM DITIMBANG',NULL,1,NULL,'2026-01-14 22:34:22','2026-01-14 22:34:22'),
(254,3,'06125038','KGS',NULL,NULL,NULL,NULL,'BELUM DITIMBANG',NULL,1,NULL,'2026-01-14 22:34:22','2026-01-14 22:34:22'),
(255,3,'06125039','KGS',NULL,NULL,NULL,NULL,'BELUM DITIMBANG',NULL,1,NULL,'2026-01-14 22:34:22','2026-01-14 22:34:22'),
(256,3,'06125040','KGS',59.94,0.20,NULL,NULL,'TERSEDIA',NULL,1,2,'2026-01-14 22:34:22','2026-01-14 22:44:02'),
(257,3,'06125041','KGS',60.18,0.20,NULL,NULL,'TERSEDIA',NULL,1,2,'2026-01-14 22:34:22','2026-01-14 22:44:45'),
(258,3,'06125042','KGS',NULL,NULL,NULL,NULL,'BELUM DITIMBANG',NULL,1,NULL,'2026-01-14 22:34:22','2026-01-14 22:34:22'),
(259,3,'06125043','KGS',NULL,NULL,NULL,NULL,'BELUM DITIMBANG',NULL,1,NULL,'2026-01-14 22:34:22','2026-01-14 22:34:22'),
(260,3,'06125044','KGS',NULL,NULL,NULL,NULL,'BELUM DITIMBANG',NULL,1,NULL,'2026-01-14 22:34:22','2026-01-14 22:34:22'),
(261,3,'06125045','KGS',NULL,NULL,NULL,NULL,'BELUM DITIMBANG',NULL,1,NULL,'2026-01-14 22:34:22','2026-01-14 22:34:22'),
(262,3,'06125046','KGS',NULL,NULL,NULL,NULL,'BELUM DITIMBANG',NULL,1,NULL,'2026-01-14 22:34:22','2026-01-14 22:34:22'),
(263,3,'06125047','KGS',NULL,NULL,NULL,NULL,'BELUM DITIMBANG',NULL,1,NULL,'2026-01-14 22:34:22','2026-01-14 22:34:22'),
(264,3,'06125048','KGS',NULL,NULL,NULL,NULL,'BELUM DITIMBANG',NULL,1,NULL,'2026-01-14 22:34:22','2026-01-14 22:34:22'),
(265,3,'06125049','KGS',NULL,NULL,NULL,NULL,'BELUM DITIMBANG',NULL,1,NULL,'2026-01-14 22:34:22','2026-01-14 22:34:22'),
(266,3,'06125050','KGS',NULL,NULL,NULL,NULL,'BELUM DITIMBANG',NULL,1,NULL,'2026-01-14 22:34:22','2026-01-14 22:34:22'),
(267,3,'06125051','KGS',NULL,NULL,NULL,NULL,'BELUM DITIMBANG',NULL,1,NULL,'2026-01-14 22:34:22','2026-01-14 22:34:22'),
(268,3,'06125052','KGS',NULL,NULL,NULL,NULL,'BELUM DITIMBANG',NULL,1,NULL,'2026-01-14 22:34:22','2026-01-14 22:34:22'),
(269,3,'06125053','KGS',NULL,NULL,NULL,NULL,'BELUM DITIMBANG',NULL,1,NULL,'2026-01-14 22:34:22','2026-01-14 22:34:22'),
(270,3,'06125054','KGS',NULL,NULL,NULL,NULL,'BELUM DITIMBANG',NULL,1,NULL,'2026-01-14 22:34:22','2026-01-14 22:34:22'),
(271,3,'06125055','KGS',NULL,NULL,NULL,NULL,'BELUM DITIMBANG',NULL,1,NULL,'2026-01-14 22:34:22','2026-01-14 22:34:22'),
(272,3,'06125056','KGS',NULL,NULL,NULL,NULL,'BELUM DITIMBANG',NULL,1,NULL,'2026-01-14 22:34:22','2026-01-14 22:34:22'),
(273,3,'06125057','KGS',NULL,NULL,NULL,NULL,'BELUM DITIMBANG',NULL,1,NULL,'2026-01-14 22:34:22','2026-01-14 22:34:22'),
(274,3,'06125058','KGS',NULL,NULL,NULL,NULL,'BELUM DITIMBANG',NULL,1,NULL,'2026-01-14 22:34:22','2026-01-14 22:34:22'),
(275,3,'06125059','KGS',NULL,NULL,NULL,NULL,'BELUM DITIMBANG',NULL,1,NULL,'2026-01-14 22:34:22','2026-01-14 22:34:22'),
(276,3,'06125060','KGS',NULL,NULL,NULL,NULL,'BELUM DITIMBANG',NULL,1,NULL,'2026-01-14 22:34:22','2026-01-14 22:34:22'),
(277,3,'06125061','KGS',NULL,NULL,NULL,NULL,'BELUM DITIMBANG',NULL,1,NULL,'2026-01-14 22:34:22','2026-01-14 22:34:22'),
(278,3,'06125062','KGS',NULL,NULL,NULL,NULL,'BELUM DITIMBANG',NULL,1,NULL,'2026-01-14 22:34:22','2026-01-14 22:34:22'),
(279,3,'06125063','KGS',NULL,NULL,NULL,NULL,'BELUM DITIMBANG',NULL,1,NULL,'2026-01-14 22:34:22','2026-01-14 22:34:22'),
(280,3,'06125064','KGS',NULL,NULL,NULL,NULL,'BELUM DITIMBANG',NULL,1,NULL,'2026-01-14 22:34:22','2026-01-14 22:34:22'),
(281,3,'06125065','KGS',NULL,NULL,NULL,NULL,'BELUM DITIMBANG',NULL,1,NULL,'2026-01-14 22:34:22','2026-01-14 22:34:22'),
(282,3,'06125066','KGS',NULL,NULL,NULL,NULL,'BELUM DITIMBANG',NULL,1,NULL,'2026-01-14 22:34:22','2026-01-14 22:34:22'),
(283,3,'06125067','KGS',NULL,NULL,NULL,NULL,'BELUM DITIMBANG',NULL,1,NULL,'2026-01-14 22:34:22','2026-01-14 22:34:22'),
(284,3,'06125068','KGS',NULL,NULL,NULL,NULL,'BELUM DITIMBANG',NULL,1,NULL,'2026-01-14 22:34:22','2026-01-14 22:34:22'),
(285,3,'06125069','KGS',NULL,NULL,NULL,NULL,'BELUM DITIMBANG',NULL,1,NULL,'2026-01-14 22:34:22','2026-01-14 22:34:22'),
(286,3,'06125070','KGS',NULL,NULL,NULL,NULL,'BELUM DITIMBANG',NULL,1,NULL,'2026-01-14 22:34:22','2026-01-14 22:34:22'),
(287,3,'06125071','KGS',NULL,NULL,NULL,NULL,'BELUM DITIMBANG',NULL,1,NULL,'2026-01-14 22:34:22','2026-01-14 22:34:22'),
(288,3,'06125072','KGS',NULL,NULL,NULL,NULL,'BELUM DITIMBANG',NULL,1,NULL,'2026-01-14 22:34:22','2026-01-14 22:34:22'),
(289,3,'06125073','KGS',NULL,NULL,NULL,NULL,'BELUM DITIMBANG',NULL,1,NULL,'2026-01-14 22:34:22','2026-01-14 22:34:22'),
(290,3,'06125074','KGS',NULL,NULL,NULL,NULL,'BELUM DITIMBANG',NULL,1,NULL,'2026-01-14 22:34:22','2026-01-14 22:34:22'),
(291,3,'06125075','KGS',NULL,NULL,NULL,NULL,'BELUM DITIMBANG',NULL,1,NULL,'2026-01-14 22:34:22','2026-01-14 22:34:22'),
(292,3,'06125076','KGS',NULL,NULL,NULL,NULL,'BELUM DITIMBANG',NULL,1,NULL,'2026-01-14 22:34:22','2026-01-14 22:34:22'),
(293,3,'06125077','KGS',NULL,NULL,NULL,NULL,'BELUM DITIMBANG',NULL,1,NULL,'2026-01-14 22:34:22','2026-01-14 22:34:22'),
(294,3,'06125078','KGS',NULL,NULL,NULL,NULL,'BELUM DITIMBANG',NULL,1,NULL,'2026-01-14 22:34:22','2026-01-14 22:34:22'),
(295,3,'06125079','KGS',NULL,NULL,NULL,NULL,'BELUM DITIMBANG',NULL,1,NULL,'2026-01-14 22:34:22','2026-01-14 22:34:22'),
(296,3,'06125080','KGS',NULL,NULL,NULL,NULL,'BELUM DITIMBANG',NULL,1,NULL,'2026-01-14 22:34:22','2026-01-14 22:34:22'),
(297,3,'06125081','KGS',NULL,NULL,NULL,NULL,'BELUM DITIMBANG',NULL,1,NULL,'2026-01-14 22:34:22','2026-01-14 22:34:22'),
(298,3,'06125082','KGS',NULL,NULL,NULL,NULL,'BELUM DITIMBANG',NULL,1,NULL,'2026-01-14 22:34:22','2026-01-14 22:34:22'),
(299,3,'06125083','KGS',NULL,NULL,NULL,NULL,'BELUM DITIMBANG',NULL,1,NULL,'2026-01-14 22:34:22','2026-01-14 22:34:22'),
(300,3,'06125084','KGS',NULL,NULL,NULL,NULL,'BELUM DITIMBANG',NULL,1,NULL,'2026-01-14 22:34:22','2026-01-14 22:34:22'),
(301,3,'06125085','KGS',NULL,NULL,NULL,NULL,'BELUM DITIMBANG',NULL,1,NULL,'2026-01-14 22:34:22','2026-01-14 22:34:22'),
(302,3,'06125086','KGS',NULL,NULL,NULL,NULL,'BELUM DITIMBANG',NULL,1,NULL,'2026-01-14 22:34:22','2026-01-14 22:34:22'),
(303,3,'06125087','KGS',NULL,NULL,NULL,NULL,'BELUM DITIMBANG',NULL,1,NULL,'2026-01-14 22:34:22','2026-01-14 22:34:22'),
(304,3,'06125088','KGS',NULL,NULL,NULL,NULL,'BELUM DITIMBANG',NULL,1,NULL,'2026-01-14 22:34:22','2026-01-14 22:34:22'),
(305,3,'06125089','KGS',NULL,NULL,NULL,NULL,'BELUM DITIMBANG',NULL,1,NULL,'2026-01-14 22:34:22','2026-01-14 22:34:22'),
(306,3,'06125090','KGS',NULL,NULL,NULL,NULL,'BELUM DITIMBANG',NULL,1,NULL,'2026-01-14 22:34:22','2026-01-14 22:34:22'),
(307,3,'06125091','KGS',NULL,NULL,NULL,NULL,'BELUM DITIMBANG',NULL,1,NULL,'2026-01-14 22:34:22','2026-01-14 22:34:22'),
(308,3,'06125092','KGS',NULL,NULL,NULL,NULL,'BELUM DITIMBANG',NULL,1,NULL,'2026-01-14 22:34:22','2026-01-14 22:34:22'),
(309,3,'06125093','KGS',NULL,NULL,NULL,NULL,'BELUM DITIMBANG',NULL,1,NULL,'2026-01-14 22:34:22','2026-01-14 22:34:22'),
(310,3,'06125094','KGS',NULL,NULL,NULL,NULL,'BELUM DITIMBANG',NULL,1,NULL,'2026-01-14 22:34:22','2026-01-14 22:34:22'),
(311,3,'06125095','KGS',NULL,NULL,NULL,NULL,'BELUM DITIMBANG',NULL,1,NULL,'2026-01-14 22:34:22','2026-01-14 22:34:22'),
(312,3,'06125096','KGS',NULL,NULL,NULL,NULL,'BELUM DITIMBANG',NULL,1,NULL,'2026-01-14 22:34:22','2026-01-14 22:34:22'),
(313,3,'06125097','KGS',NULL,NULL,NULL,NULL,'BELUM DITIMBANG',NULL,1,NULL,'2026-01-14 22:34:22','2026-01-14 22:34:22'),
(314,3,'06125098','KGS',NULL,NULL,NULL,NULL,'BELUM DITIMBANG',NULL,1,NULL,'2026-01-14 22:34:22','2026-01-14 22:34:22'),
(315,3,'06125099','KGS',NULL,NULL,NULL,NULL,'BELUM DITIMBANG',NULL,1,NULL,'2026-01-14 22:34:22','2026-01-14 22:34:22'),
(316,3,'06125100','KGS',NULL,NULL,NULL,NULL,'BELUM DITIMBANG',NULL,1,NULL,'2026-01-14 22:34:22','2026-01-14 22:34:22'),
(317,3,'06125101','KGS',NULL,NULL,NULL,NULL,'BELUM DITIMBANG',NULL,1,NULL,'2026-01-14 22:34:22','2026-01-14 22:34:22'),
(318,3,'06125102','KGS',NULL,NULL,NULL,NULL,'BELUM DITIMBANG',NULL,1,NULL,'2026-01-14 22:34:22','2026-01-14 22:34:22'),
(319,3,'06125103','KGS',NULL,NULL,NULL,NULL,'BELUM DITIMBANG',NULL,1,NULL,'2026-01-14 22:34:22','2026-01-14 22:34:22'),
(320,3,'06125104','KGS',NULL,NULL,NULL,NULL,'BELUM DITIMBANG',NULL,1,NULL,'2026-01-14 22:34:22','2026-01-14 22:34:22'),
(321,3,'06125105','KGS',NULL,NULL,NULL,NULL,'BELUM DITIMBANG',NULL,1,NULL,'2026-01-14 22:34:22','2026-01-14 22:34:22'),
(322,3,'06125106','KGS',NULL,NULL,NULL,NULL,'BELUM DITIMBANG',NULL,1,NULL,'2026-01-14 22:34:22','2026-01-14 22:34:22'),
(323,3,'06125107','KGS',NULL,NULL,NULL,NULL,'BELUM DITIMBANG',NULL,1,NULL,'2026-01-14 22:34:23','2026-01-14 22:34:23'),
(324,3,'06125108','KGS',NULL,NULL,NULL,NULL,'BELUM DITIMBANG',NULL,1,NULL,'2026-01-14 22:34:23','2026-01-14 22:34:23'),
(325,3,'06125109','KGS',NULL,NULL,NULL,NULL,'BELUM DITIMBANG',NULL,1,NULL,'2026-01-14 22:34:23','2026-01-14 22:34:23'),
(326,3,'06125110','KGS',NULL,NULL,NULL,NULL,'BELUM DITIMBANG',NULL,1,NULL,'2026-01-14 22:34:23','2026-01-14 22:34:23'),
(327,3,'06125111','KGS',NULL,NULL,NULL,NULL,'BELUM DITIMBANG',NULL,1,NULL,'2026-01-14 22:34:23','2026-01-14 22:34:23'),
(328,3,'06125112','KGS',NULL,NULL,NULL,NULL,'BELUM DITIMBANG',NULL,1,NULL,'2026-01-14 22:34:23','2026-01-14 22:34:23'),
(329,3,'06125113','KGS',NULL,NULL,NULL,NULL,'BELUM DITIMBANG',NULL,1,NULL,'2026-01-14 22:34:23','2026-01-14 22:34:23'),
(330,3,'06125114','KGS',NULL,NULL,NULL,NULL,'BELUM DITIMBANG',NULL,1,NULL,'2026-01-14 22:34:23','2026-01-14 22:34:23'),
(331,3,'06125115','KGS',NULL,NULL,NULL,NULL,'BELUM DITIMBANG',NULL,1,NULL,'2026-01-14 22:34:23','2026-01-14 22:34:23'),
(332,3,'06125116','KGS',NULL,NULL,NULL,NULL,'BELUM DITIMBANG',NULL,1,NULL,'2026-01-14 22:34:23','2026-01-14 22:34:23'),
(333,3,'06125117','KGS',NULL,NULL,NULL,NULL,'BELUM DITIMBANG',NULL,1,NULL,'2026-01-14 22:34:23','2026-01-14 22:34:23'),
(334,3,'06125118','KGS',NULL,NULL,NULL,NULL,'BELUM DITIMBANG',NULL,1,NULL,'2026-01-14 22:34:23','2026-01-14 22:34:23'),
(335,3,'06125119','KGS',NULL,NULL,NULL,NULL,'BELUM DITIMBANG',NULL,1,NULL,'2026-01-14 22:34:23','2026-01-14 22:34:23'),
(336,3,'06125120','KGS',NULL,NULL,NULL,NULL,'BELUM DITIMBANG',NULL,1,NULL,'2026-01-14 22:34:23','2026-01-14 22:34:23'),
(337,3,'06125121','KGS',NULL,NULL,NULL,NULL,'BELUM DITIMBANG',NULL,1,NULL,'2026-01-14 22:34:23','2026-01-14 22:34:23'),
(338,3,'06125122','KGS',NULL,NULL,NULL,NULL,'BELUM DITIMBANG',NULL,1,NULL,'2026-01-14 22:34:23','2026-01-14 22:34:23'),
(339,3,'06125123','KGS',NULL,NULL,NULL,NULL,'BELUM DITIMBANG',NULL,1,NULL,'2026-01-14 22:34:23','2026-01-14 22:34:23'),
(340,3,'06125124','KGS',NULL,NULL,NULL,NULL,'BELUM DITIMBANG',NULL,1,NULL,'2026-01-14 22:34:23','2026-01-14 22:34:23'),
(341,3,'06125125','KGS',NULL,NULL,NULL,NULL,'BELUM DITIMBANG',NULL,1,NULL,'2026-01-14 22:34:23','2026-01-14 22:34:23'),
(342,3,'06125126','KGS',NULL,NULL,NULL,NULL,'BELUM DITIMBANG',NULL,1,NULL,'2026-01-14 22:34:23','2026-01-14 22:34:23'),
(343,3,'06125127','KGS',NULL,NULL,NULL,NULL,'BELUM DITIMBANG',NULL,1,NULL,'2026-01-14 22:34:23','2026-01-14 22:34:23'),
(344,3,'06125128','KGS',NULL,NULL,NULL,NULL,'BELUM DITIMBANG',NULL,1,NULL,'2026-01-14 22:34:23','2026-01-14 22:34:23'),
(345,3,'06125129','KGS',NULL,NULL,NULL,NULL,'BELUM DITIMBANG',NULL,1,NULL,'2026-01-14 22:34:23','2026-01-14 22:34:23'),
(346,3,'06125130','KGS',NULL,NULL,NULL,NULL,'BELUM DITIMBANG',NULL,1,NULL,'2026-01-14 22:34:23','2026-01-14 22:34:23'),
(347,3,'06125131','KGS',NULL,NULL,NULL,NULL,'BELUM DITIMBANG',NULL,1,NULL,'2026-01-14 22:34:23','2026-01-14 22:34:23'),
(348,3,'06125132','KGS',NULL,NULL,NULL,NULL,'BELUM DITIMBANG',NULL,1,NULL,'2026-01-14 22:34:23','2026-01-14 22:34:23'),
(349,3,'06125133','KGS',NULL,NULL,NULL,NULL,'BELUM DITIMBANG',NULL,1,NULL,'2026-01-14 22:34:23','2026-01-14 22:34:23'),
(350,3,'06125134','KGS',NULL,NULL,NULL,NULL,'BELUM DITIMBANG',NULL,1,NULL,'2026-01-14 22:34:23','2026-01-14 22:34:23'),
(351,3,'06125135','KGS',NULL,NULL,NULL,NULL,'BELUM DITIMBANG',NULL,1,NULL,'2026-01-14 22:34:23','2026-01-14 22:34:23'),
(352,3,'06125136','KGS',NULL,NULL,NULL,NULL,'BELUM DITIMBANG',NULL,1,NULL,'2026-01-14 22:34:23','2026-01-14 22:34:23'),
(353,3,'06125137','KGS',NULL,NULL,NULL,NULL,'BELUM DITIMBANG',NULL,1,NULL,'2026-01-14 22:34:23','2026-01-14 22:34:23'),
(354,3,'06125138','KGS',NULL,NULL,NULL,NULL,'BELUM DITIMBANG',NULL,1,NULL,'2026-01-14 22:34:23','2026-01-14 22:34:23'),
(355,3,'06125139','KGS',NULL,NULL,NULL,NULL,'BELUM DITIMBANG',NULL,1,NULL,'2026-01-14 22:34:23','2026-01-14 22:34:23'),
(356,3,'06125140','KGS',NULL,NULL,NULL,NULL,'BELUM DITIMBANG',NULL,1,NULL,'2026-01-14 22:34:23','2026-01-14 22:34:23'),
(357,3,'06125141','KGS',NULL,NULL,NULL,NULL,'BELUM DITIMBANG',NULL,1,NULL,'2026-01-14 22:34:23','2026-01-14 22:34:23'),
(358,3,'06125142','KGS',NULL,NULL,NULL,NULL,'BELUM DITIMBANG',NULL,1,NULL,'2026-01-14 22:34:23','2026-01-14 22:34:23'),
(359,3,'06125143','KGS',NULL,NULL,NULL,NULL,'BELUM DITIMBANG',NULL,1,NULL,'2026-01-14 22:34:23','2026-01-14 22:34:23'),
(360,3,'06125144','KGS',NULL,NULL,NULL,NULL,'BELUM DITIMBANG',NULL,1,NULL,'2026-01-14 22:34:23','2026-01-14 22:34:23'),
(361,3,'06125145','KGS',NULL,NULL,NULL,NULL,'BELUM DITIMBANG',NULL,1,NULL,'2026-01-14 22:34:23','2026-01-14 22:34:23'),
(362,3,'06125146','KGS',NULL,NULL,NULL,NULL,'BELUM DITIMBANG',NULL,1,NULL,'2026-01-14 22:34:23','2026-01-14 22:34:23'),
(363,3,'06125147','KGS',NULL,NULL,NULL,NULL,'BELUM DITIMBANG',NULL,1,NULL,'2026-01-14 22:34:23','2026-01-14 22:34:23'),
(364,3,'06125148','KGS',NULL,NULL,NULL,NULL,'BELUM DITIMBANG',NULL,1,NULL,'2026-01-14 22:34:23','2026-01-14 22:34:23'),
(365,3,'06125149','KGS',NULL,NULL,NULL,NULL,'BELUM DITIMBANG',NULL,1,NULL,'2026-01-14 22:34:23','2026-01-14 22:34:23'),
(366,3,'06125150','KGS',NULL,NULL,NULL,NULL,'BELUM DITIMBANG',NULL,1,NULL,'2026-01-14 22:34:23','2026-01-14 22:34:23'),
(367,3,'06125151','KGS',NULL,NULL,NULL,NULL,'BELUM DITIMBANG',NULL,1,NULL,'2026-01-14 22:34:23','2026-01-14 22:34:23'),
(368,3,'06125152','KGS',NULL,NULL,NULL,NULL,'BELUM DITIMBANG',NULL,1,NULL,'2026-01-14 22:34:23','2026-01-14 22:34:23'),
(369,3,'06125153','KGS',NULL,NULL,NULL,NULL,'BELUM DITIMBANG',NULL,1,NULL,'2026-01-14 22:34:23','2026-01-14 22:34:23'),
(370,3,'06125154','KGS',NULL,NULL,NULL,NULL,'BELUM DITIMBANG',NULL,1,NULL,'2026-01-14 22:34:23','2026-01-14 22:34:23'),
(371,3,'06125155','KGS',NULL,NULL,NULL,NULL,'BELUM DITIMBANG',NULL,1,NULL,'2026-01-14 22:34:23','2026-01-14 22:34:23'),
(372,3,'06125156','KGS',NULL,NULL,NULL,NULL,'BELUM DITIMBANG',NULL,1,NULL,'2026-01-14 22:34:23','2026-01-14 22:34:23'),
(373,3,'06125157','KGS',NULL,NULL,NULL,NULL,'BELUM DITIMBANG',NULL,1,NULL,'2026-01-14 22:34:23','2026-01-14 22:34:23'),
(374,3,'06125158','KGS',NULL,NULL,NULL,NULL,'BELUM DITIMBANG',NULL,1,NULL,'2026-01-14 22:34:23','2026-01-14 22:34:23'),
(375,3,'06125159','KGS',NULL,NULL,NULL,NULL,'BELUM DITIMBANG',NULL,1,NULL,'2026-01-14 22:34:23','2026-01-14 22:34:23'),
(376,3,'06125160','KGS',NULL,NULL,NULL,NULL,'BELUM DITIMBANG',NULL,1,NULL,'2026-01-14 22:34:23','2026-01-14 22:34:23'),
(377,3,'06125161','KGS',NULL,NULL,NULL,NULL,'BELUM DITIMBANG',NULL,1,NULL,'2026-01-14 22:34:23','2026-01-14 22:34:23'),
(378,3,'06125162','KGS',NULL,NULL,NULL,NULL,'BELUM DITIMBANG',NULL,1,NULL,'2026-01-14 22:34:23','2026-01-14 22:34:23'),
(379,3,'06125163','KGS',NULL,NULL,NULL,NULL,'BELUM DITIMBANG',NULL,1,NULL,'2026-01-14 22:34:23','2026-01-14 22:34:23'),
(380,3,'06125164','KGS',NULL,NULL,NULL,NULL,'BELUM DITIMBANG',NULL,1,NULL,'2026-01-14 22:34:23','2026-01-14 22:34:23'),
(381,3,'06125165','KGS',NULL,NULL,NULL,NULL,'BELUM DITIMBANG',NULL,1,NULL,'2026-01-14 22:34:23','2026-01-14 22:34:23'),
(382,3,'06125166','KGS',NULL,NULL,NULL,NULL,'BELUM DITIMBANG',NULL,1,NULL,'2026-01-14 22:34:23','2026-01-14 22:34:23'),
(383,3,'06125167','KGS',NULL,NULL,NULL,NULL,'BELUM DITIMBANG',NULL,1,NULL,'2026-01-14 22:34:23','2026-01-14 22:34:23'),
(384,3,'06125168','KGS',NULL,NULL,NULL,NULL,'BELUM DITIMBANG',NULL,1,NULL,'2026-01-14 22:34:23','2026-01-14 22:34:23'),
(385,3,'06125169','KGS',NULL,NULL,NULL,NULL,'BELUM DITIMBANG',NULL,1,NULL,'2026-01-14 22:34:23','2026-01-14 22:34:23'),
(386,3,'06125170','KGS',NULL,NULL,NULL,NULL,'BELUM DITIMBANG',NULL,1,NULL,'2026-01-14 22:34:23','2026-01-14 22:34:23'),
(387,3,'06125171','KGS',NULL,NULL,NULL,NULL,'BELUM DITIMBANG',NULL,1,NULL,'2026-01-14 22:34:23','2026-01-14 22:34:23'),
(388,3,'06125172','KGS',NULL,NULL,NULL,NULL,'BELUM DITIMBANG',NULL,1,NULL,'2026-01-14 22:34:23','2026-01-14 22:34:23'),
(389,3,'06125173','KGS',NULL,NULL,NULL,NULL,'BELUM DITIMBANG',NULL,1,NULL,'2026-01-14 22:34:23','2026-01-14 22:34:23'),
(390,3,'06125174','KGS',NULL,NULL,NULL,NULL,'BELUM DITIMBANG',NULL,1,NULL,'2026-01-14 22:34:23','2026-01-14 22:34:23'),
(391,3,'06125175','KGS',NULL,NULL,NULL,NULL,'BELUM DITIMBANG',NULL,1,NULL,'2026-01-14 22:34:23','2026-01-14 22:34:23'),
(392,3,'06125176','KGS',NULL,NULL,NULL,NULL,'BELUM DITIMBANG',NULL,1,NULL,'2026-01-14 22:34:23','2026-01-14 22:34:23'),
(393,3,'06125177','KGS',NULL,NULL,NULL,NULL,'BELUM DITIMBANG',NULL,1,NULL,'2026-01-14 22:34:23','2026-01-14 22:34:23'),
(394,3,'06125178','KGS',NULL,NULL,NULL,NULL,'BELUM DITIMBANG',NULL,1,NULL,'2026-01-14 22:34:23','2026-01-14 22:34:23'),
(395,3,'06125179','KGS',NULL,NULL,NULL,NULL,'BELUM DITIMBANG',NULL,1,NULL,'2026-01-14 22:34:23','2026-01-14 22:34:23'),
(396,3,'06125180','KGS',NULL,NULL,NULL,NULL,'BELUM DITIMBANG',NULL,1,NULL,'2026-01-14 22:34:23','2026-01-14 22:34:23'),
(397,3,'06125181','KGS',NULL,NULL,NULL,NULL,'BELUM DITIMBANG',NULL,1,NULL,'2026-01-14 22:34:23','2026-01-14 22:34:23'),
(398,3,'06125182','KGS',NULL,NULL,NULL,NULL,'BELUM DITIMBANG',NULL,1,NULL,'2026-01-14 22:34:23','2026-01-14 22:34:23'),
(399,3,'06125183','KGS',NULL,NULL,NULL,NULL,'BELUM DITIMBANG',NULL,1,NULL,'2026-01-14 22:34:23','2026-01-14 22:34:23'),
(400,3,'06125184','KGS',NULL,NULL,NULL,NULL,'BELUM DITIMBANG',NULL,1,NULL,'2026-01-14 22:34:23','2026-01-14 22:34:23'),
(401,3,'06125185','KGS',NULL,NULL,NULL,NULL,'BELUM DITIMBANG',NULL,1,NULL,'2026-01-14 22:34:23','2026-01-14 22:34:23'),
(402,3,'06125186','KGS',NULL,NULL,NULL,NULL,'BELUM DITIMBANG',NULL,1,NULL,'2026-01-14 22:34:23','2026-01-14 22:34:23'),
(403,3,'06125187','KGS',NULL,NULL,NULL,NULL,'BELUM DITIMBANG',NULL,1,NULL,'2026-01-14 22:34:23','2026-01-14 22:34:23'),
(404,3,'06125188','KGS',NULL,NULL,NULL,NULL,'BELUM DITIMBANG',NULL,1,NULL,'2026-01-14 22:34:23','2026-01-14 22:34:23'),
(405,3,'06125189','KGS',NULL,NULL,NULL,NULL,'BELUM DITIMBANG',NULL,1,NULL,'2026-01-14 22:34:23','2026-01-14 22:34:23'),
(406,3,'06125190','KGS',NULL,NULL,NULL,NULL,'BELUM DITIMBANG',NULL,1,NULL,'2026-01-14 22:34:23','2026-01-14 22:34:23'),
(407,3,'06125191','KGS',NULL,NULL,NULL,NULL,'BELUM DITIMBANG',NULL,1,NULL,'2026-01-14 22:34:23','2026-01-14 22:34:23'),
(408,3,'06125192','KGS',NULL,NULL,NULL,NULL,'BELUM DITIMBANG',NULL,1,NULL,'2026-01-14 22:34:23','2026-01-14 22:34:23'),
(409,3,'06125193','KGS',NULL,NULL,NULL,NULL,'BELUM DITIMBANG',NULL,1,NULL,'2026-01-14 22:34:23','2026-01-14 22:34:23'),
(410,3,'06125194','KGS',NULL,NULL,NULL,NULL,'BELUM DITIMBANG',NULL,1,NULL,'2026-01-14 22:34:23','2026-01-14 22:34:23'),
(411,3,'06125195','KGS',NULL,NULL,NULL,NULL,'BELUM DITIMBANG',NULL,1,NULL,'2026-01-14 22:34:23','2026-01-14 22:34:23'),
(412,3,'06125196','KGS',NULL,NULL,NULL,NULL,'BELUM DITIMBANG',NULL,1,NULL,'2026-01-14 22:34:23','2026-01-14 22:34:23'),
(413,3,'06125197','KGS',NULL,NULL,NULL,NULL,'BELUM DITIMBANG',NULL,1,NULL,'2026-01-14 22:34:23','2026-01-14 22:34:23'),
(414,3,'06125198','KGS',NULL,NULL,NULL,NULL,'BELUM DITIMBANG',NULL,1,NULL,'2026-01-14 22:34:23','2026-01-14 22:34:23'),
(415,3,'06125199','KGS',NULL,NULL,NULL,NULL,'BELUM DITIMBANG',NULL,1,NULL,'2026-01-14 22:34:23','2026-01-14 22:34:23'),
(416,3,'06125200','KGS',NULL,NULL,NULL,NULL,'BELUM DITIMBANG',NULL,1,NULL,'2026-01-14 22:34:23','2026-01-14 22:34:23'),
(417,3,'06125201','KGS',NULL,NULL,NULL,NULL,'BELUM DITIMBANG',NULL,1,NULL,'2026-01-14 22:34:23','2026-01-14 22:34:23'),
(418,3,'06125202','KGS',NULL,NULL,NULL,NULL,'BELUM DITIMBANG',NULL,1,NULL,'2026-01-14 22:34:23','2026-01-14 22:34:23'),
(419,3,'06125203','KGS',NULL,NULL,NULL,NULL,'BELUM DITIMBANG',NULL,1,NULL,'2026-01-14 22:34:23','2026-01-14 22:34:23'),
(420,3,'06125204','KGS',NULL,NULL,NULL,NULL,'BELUM DITIMBANG',NULL,1,NULL,'2026-01-14 22:34:23','2026-01-14 22:34:23'),
(421,3,'06125205','KGS',NULL,NULL,NULL,NULL,'BELUM DITIMBANG',NULL,1,NULL,'2026-01-14 22:34:23','2026-01-14 22:34:23'),
(422,3,'06125206','KGS',NULL,NULL,NULL,NULL,'BELUM DITIMBANG',NULL,1,NULL,'2026-01-14 22:34:23','2026-01-14 22:34:23'),
(423,3,'06125207','KGS',NULL,NULL,NULL,NULL,'BELUM DITIMBANG',NULL,1,NULL,'2026-01-14 22:34:24','2026-01-14 22:34:24'),
(424,3,'06125208','KGS',NULL,NULL,NULL,NULL,'BELUM DITIMBANG',NULL,1,NULL,'2026-01-14 22:34:24','2026-01-14 22:34:24'),
(425,3,'06125209','KGS',NULL,NULL,NULL,NULL,'BELUM DITIMBANG',NULL,1,NULL,'2026-01-14 22:34:24','2026-01-14 22:34:24'),
(426,3,'06125210','KGS',NULL,NULL,NULL,NULL,'BELUM DITIMBANG',NULL,1,NULL,'2026-01-14 22:34:24','2026-01-14 22:34:24'),
(427,3,'06125211','KGS',NULL,NULL,NULL,NULL,'BELUM DITIMBANG',NULL,1,NULL,'2026-01-14 22:35:53','2026-01-14 22:35:53'),
(428,3,'06125212','KGS',NULL,NULL,NULL,NULL,'BELUM DITIMBANG',NULL,1,NULL,'2026-01-14 22:35:53','2026-01-14 22:35:53'),
(429,3,'06125213','KGS',NULL,NULL,NULL,NULL,'BELUM DITIMBANG',NULL,1,NULL,'2026-01-14 22:35:53','2026-01-14 22:35:53'),
(430,3,'06125214','KGS',NULL,NULL,NULL,NULL,'BELUM DITIMBANG',NULL,1,NULL,'2026-01-14 22:35:53','2026-01-14 22:35:53'),
(431,3,'06125215','KGS',NULL,NULL,NULL,NULL,'BELUM DITIMBANG',NULL,1,NULL,'2026-01-14 22:35:53','2026-01-14 22:35:53');
commit;

--
-- Table structure for table `job_batches`
--

CREATE TABLE `job_batches` (
  `id` varchar(255) NOT NULL,
  `name` varchar(255) NOT NULL,
  `total_jobs` int(11) NOT NULL,
  `pending_jobs` int(11) NOT NULL,
  `failed_jobs` int(11) NOT NULL,
  `failed_job_ids` longtext NOT NULL,
  `options` mediumtext DEFAULT NULL,
  `cancelled_at` int(11) DEFAULT NULL,
  `created_at` int(11) NOT NULL,
  `finished_at` int(11) DEFAULT NULL,
  PRIMARY KEY (`id`)
) ENGINE=InnoDB DEFAULT CHARSET=utf8mb4 COLLATE=utf8mb4_unicode_ci;

--
-- Dumping data for table `job_batches`
--

set autocommit=0;
commit;

--
-- Table structure for table `jobs`
--

CREATE TABLE `jobs` (
  `id` bigint(20) unsigned NOT NULL AUTO_INCREMENT,
  `queue` varchar(255) NOT NULL,
  `payload` longtext NOT NULL,
  `attempts` tinyint(3) unsigned NOT NULL,
  `reserved_at` int(10) unsigned DEFAULT NULL,
  `available_at` int(10) unsigned NOT NULL,
  `created_at` int(10) unsigned NOT NULL,
  PRIMARY KEY (`id`),
  KEY `jobs_queue_index` (`queue`)
) ENGINE=InnoDB DEFAULT CHARSET=utf8mb4 COLLATE=utf8mb4_unicode_ci;

--
-- Dumping data for table `jobs`
--

set autocommit=0;
commit;

--
-- Table structure for table `migrations`
--

CREATE TABLE `migrations` (
  `id` int(10) unsigned NOT NULL AUTO_INCREMENT,
  `migration` varchar(255) NOT NULL,
  `batch` int(11) NOT NULL,
  PRIMARY KEY (`id`)
) ENGINE=InnoDB AUTO_INCREMENT=15 DEFAULT CHARSET=utf8mb4 COLLATE=utf8mb4_unicode_ci;

--
-- Dumping data for table `migrations`
--

set autocommit=0;
INSERT INTO `migrations` VALUES
(9,'0001_01_01_000000_create_users_table',1),
(10,'0001_01_01_000001_create_cache_table',1),
(11,'0001_01_01_000002_create_jobs_table',1),
(12,'2026_01_13_161813_create_items_table',1),
(13,'2026_01_13_212839_rename_phone_number_to_username_in_users_table',2),
(14,'2026_01_15_141600_normalize_items_with_ttbs',3);
commit;
set autocommit=0;
commit;

--
-- Table structure for table `sessions`
--

CREATE TABLE `sessions` (
  `id` varchar(255) NOT NULL,
  `user_id` bigint(20) unsigned DEFAULT NULL,
  `ip_address` varchar(45) DEFAULT NULL,
  `user_agent` text DEFAULT NULL,
  `payload` longtext NOT NULL,
  `last_activity` int(11) NOT NULL,
  PRIMARY KEY (`id`),
  KEY `sessions_user_id_index` (`user_id`),
  KEY `sessions_last_activity_index` (`last_activity`)
) ENGINE=InnoDB DEFAULT CHARSET=utf8mb4 COLLATE=utf8mb4_unicode_ci;

--
-- Dumping data for table `sessions`
--

set autocommit=0;
INSERT INTO `sessions` VALUES
('BmTl6F6v3ifmFALzNxTzXSJRjWcYhTwehWKF1ReL',NULL,'127.0.0.1','Mozilla/5.0 (X11; Linux x86_64; rv:140.0) Gecko/20100101 Firefox/140.0','YTozOntzOjY6Il90b2tlbiI7czo0MDoibUFNdDlxS0syb1k3anFjYmJHbXMxdTRPYTBFS0dEdVBncDZUenRiYSI7czo5OiJfcHJldmlvdXMiO2E6Mjp7czozOiJ1cmwiO3M6Mjc6Imh0dHA6Ly9sb2NhbGhvc3Q6ODAwMC9sb2dpbiI7czo1OiJyb3V0ZSI7czo1OiJsb2dpbiI7fXM6NjoiX2ZsYXNoIjthOjI6e3M6Mzoib2xkIjthOjA6e31zOjM6Im5ldyI7YTowOnt9fX0=',1768387011),
('pPfPE2gi1tnjP2hYRDn7nncJRKIoh2KGzFx5QNv7',3,'127.0.0.1','Mozilla/5.0 (X11; Linux x86_64; rv:140.0) Gecko/20100101 Firefox/140.0','YTo0OntzOjY6Il90b2tlbiI7czo0MDoialRVSTJqMjdLT1Z3UUFIczd2c2hYa1dxbE04b09CMGE1cm96c0dYSiI7czo2OiJfZmxhc2giO2E6Mjp7czozOiJvbGQiO2E6MDp7fXM6MzoibmV3IjthOjA6e319czo5OiJfcHJldmlvdXMiO2E6Mjp7czozOiJ1cmwiO3M6MzY6Imh0dHA6Ly9sb2NhbGhvc3Q6ODAwMC9hZG1pbi9kYXRhYmFzZSI7czo1OiJyb3V0ZSI7czoxNDoiZGF0YWJhc2UuaW5kZXgiO31zOjUwOiJsb2dpbl93ZWJfNTliYTM2YWRkYzJiMmY5NDAxNTgwZjAxNGM3ZjU4ZWE0ZTMwOTg5ZCI7aTozO30=',1768460600),
('Qmfw3gi3ggGEOwtSZR2kmsAWIxs42Tek7A9asT0D',3,'127.0.0.1','Mozilla/5.0 (X11; Linux x86_64; rv:140.0) Gecko/20100101 Firefox/140.0','YTo0OntzOjY6Il90b2tlbiI7czo0MDoiTGZJYzFwVXp3NmxjM0FLRk95eXJnNVgzczh4R2RNNDhIVEdyR0JzMCI7czo2OiJfZmxhc2giO2E6Mjp7czozOiJvbGQiO2E6MDp7fXM6MzoibmV3IjthOjA6e319czo5OiJfcHJldmlvdXMiO2E6Mjp7czozOiJ1cmwiO3M6NDA6Imh0dHA6Ly9sb2NhbGhvc3Q6ODAwMC9pbmJvdW5kL2NyZWF0ZS10dGIiO3M6NToicm91dGUiO3M6MTQ6ImluYm91bmQuY3JlYXRlIjt9czo1MDoibG9naW5fd2ViXzU5YmEzNmFkZGMyYjJmOTQwMTU4MGYwMTRjN2Y1OGVhNGUzMDk4OWQiO2k6Mzt9',1768386985),
('QueA2CRb0yu4AtcpYl30VdbmS9CjKEL0D1zMIqgS',1,'127.0.0.1','Mozilla/5.0 (X11; Linux x86_64) AppleWebKit/537.36 (KHTML, like Gecko) Chrome/143.0.0.0 Safari/537.36','YTo1OntzOjY6Il90b2tlbiI7czo0MDoiWnlWRTRGUWhORUJON1BRQzBJRlRzYXF3N0t2ZGZnY0d5Zmx0a2FOVCI7czozOiJ1cmwiO2E6MDp7fXM6OToiX3ByZXZpb3VzIjthOjI6e3M6MzoidXJsIjtzOjkzOiJodHRwOi8vbG9jYWxob3N0OjgwMDAvcmVwb3J0cy9oaXN0b3J5P2ZpbHRlcl90eXBlPWFsbCZmaWx0ZXJfdmFsdWU9JnByaW50PXRydWUmc3VwcGxpZXI9JnR0Yj0iO3M6NToicm91dGUiO3M6MTU6InJlcG9ydHMuaGlzdG9yeSI7fXM6NjoiX2ZsYXNoIjthOjI6e3M6Mzoib2xkIjthOjA6e31zOjM6Im5ldyI7YTowOnt9fXM6NTA6ImxvZ2luX3dlYl81OWJhMzZhZGRjMmIyZjk0MDE1ODBmMDE0YzdmNThlYTRlMzA5ODlkIjtpOjE7fQ==',1768362525),
('vufjWLkHo2AGsO8dbn3pJBLzkqFA1wQSlz4zXPDg',NULL,'127.0.0.1','Mozilla/5.0 (X11; Linux x86_64; rv:140.0) Gecko/20100101 Firefox/140.0','YTozOntzOjY6Il90b2tlbiI7czo0MDoic3NZSGt2dHB6cjN4TFFNV2NCU1I4SEFtNHZjTFRTTkFTZTNuYzRYSyI7czo2OiJfZmxhc2giO2E6Mjp7czozOiJvbGQiO2E6MDp7fXM6MzoibmV3IjthOjA6e319czo5OiJfcHJldmlvdXMiO2E6Mjp7czozOiJ1cmwiO3M6Mjc6Imh0dHA6Ly9sb2NhbGhvc3Q6ODAwMC9sb2dpbiI7czo1OiJyb3V0ZSI7czo1OiJsb2dpbiI7fX0=',1768362849),
('w97sHgEkWonMW8gmuAV4cNYvws7revIQerz6A0mn',1,'127.0.0.1','Mozilla/5.0 (X11; Linux x86_64; rv:140.0) Gecko/20100101 Firefox/140.0','YTo0OntzOjY6Il90b2tlbiI7czo0MDoiTE9KSUNGenpGRVBBeHBqVkljUllCNlUwWjdJeExqaU96RHBhS3VqUSI7czo2OiJfZmxhc2giO2E6Mjp7czozOiJvbGQiO2E6MDp7fXM6MzoibmV3IjthOjA6e319czo5OiJfcHJldmlvdXMiO2E6Mjp7czozOiJ1cmwiO3M6Nzg6Imh0dHA6Ly9sb2NhbGhvc3Q6ODAwMC9yZXBvcnRzL2luYm91bmQtdHRiP3ByaW50PXRydWUmc3VwcGxpZXI9JnR0Yj0md2FyZWhvdXNlPSI7czo1OiJyb3V0ZSI7czoxOToicmVwb3J0cy5pbmJvdW5kX3R0YiI7fXM6NTA6ImxvZ2luX3dlYl81OWJhMzZhZGRjMmIyZjk0MDE1ODBmMDE0YzdmNThlYTRlMzA5ODlkIjtpOjE7fQ==',1768458119);
commit;

--
-- Table structure for table `ttbs`
--

CREATE TABLE `ttbs` (
  `id` bigint(20) unsigned NOT NULL AUTO_INCREMENT,
  `ttb_number` varchar(50) NOT NULL,
  `entry_date` timestamp NOT NULL DEFAULT current_timestamp(),
  `no_pol` varchar(20) NOT NULL,
  `supplier` varchar(100) NOT NULL,
  `item_name` varchar(100) NOT NULL DEFAULT 'Cengkeh',
  `warehouse` varchar(50) NOT NULL,
  `created_by` bigint(20) unsigned DEFAULT NULL,
  `created_at` timestamp NULL DEFAULT NULL,
  `updated_at` timestamp NULL DEFAULT NULL,
  PRIMARY KEY (`id`),
  UNIQUE KEY `ttbs_ttb_number_unique` (`ttb_number`),
  KEY `ttbs_created_by_foreign` (`created_by`),
  CONSTRAINT `ttbs_created_by_foreign` FOREIGN KEY (`created_by`) REFERENCES `users` (`id`)
) ENGINE=InnoDB AUTO_INCREMENT=4 DEFAULT CHARSET=utf8mb4 COLLATE=utf8mb4_unicode_ci;

--
-- Dumping data for table `ttbs`
--

set autocommit=0;
INSERT INTO `ttbs` VALUES
(1,'TTB04/CKH/12/2025/B','2025-12-15 17:00:00','A 8861 VM','OM TIEK','Cengkeh KTL','B',1,'2026-01-15 00:18:57','2026-01-15 00:18:57'),
(2,'TTB05/CKH/12/2025/B','2025-12-15 17:00:00','H 8206 HA','OM TIEK','Cengkeh KTL','B',1,'2026-01-15 00:18:57','2026-01-15 00:18:57'),
(3,'TTB06/CKH/12/2025/B','2025-12-17 17:00:00','L 8527 UE','Mr. Awhen','Cengkeh Awhen','B',1,'2026-01-15 00:18:57','2026-01-15 00:18:57');
commit;
set autocommit=0;
commit;


